{"id":245,"date":"2017-04-26T20:12:57","date_gmt":"2017-04-26T23:12:57","guid":{"rendered":"https:\/\/www.if.ufrgs.br\/novocref\/?page_id=245"},"modified":"2024-04-13T16:18:46","modified_gmt":"2024-04-13T19:18:46","slug":"outros-materiais","status":"publish","type":"page","link":"https:\/\/cref.if.ufrgs.br\/?page_id=245","title":{"rendered":"Outros Materiais"},"content":{"rendered":"<div class=\"cell sozinho medio par elemento_lista reduzido centralizado\">\n<table width=\"100%\">\n<tbody>\n<tr>\n<td style=\"width: 1296.55px;\">\n<div id=\"espacamento_menor\">\n<ul style=\"list-style-type: circle;\">\n<li><strong><a href=\"http:\/\/www.if.ufrgs.br\/cref\/praticas_na_escola\/pesquisa_em_ensino\/2020_2\" target=\"_blank\" rel=\"noopener\">Pr\u00e1ticas nas Escolas (Turma 2020\/2)<\/a><\/strong><\/li>\n<li><strong><a href=\"http:\/\/www.if.ufrgs.br\/cref\/praticas_na_escola\/pesquisa_em_ensino\/2021_1\" target=\"_blank\" rel=\"noopener\">Pr\u00e1ticas nas Escolas (Turma 2021\/1)<\/a><\/strong><\/li>\n<li><strong><a href=\"http:\/\/www.if.ufrgs.br\/cref\/praticas_na_escola\/pesquisa_em_ensino\/2021_2\" target=\"_blank\" rel=\"noopener\">Pr\u00e1ticas nas Escolas (Turma 2021\/2)<\/a><\/strong><\/li>\n<li><strong><a href=\"http:\/\/www.if.ufrgs.br\/cref\/praticas_na_escola\/pesquisa_em_ensino\/2022_1\" target=\"_blank\" rel=\"noopener\">Pr\u00e1ticas nas Escolas (Turma 2022\/1)<\/a><\/strong><\/li>\n<li><strong><a href=\"http:\/\/www.if.ufrgs.br\/cref\/praticas_na_escola\/pesquisa_em_ensino\/2022_2\" target=\"_blank\" rel=\"noopener\">Pr\u00e1ticas nas Escolas (Turma 2022\/2)<\/a><\/strong><\/li>\n<\/ul>\n<p>Materiais produzidos por estudantes do curso de licenciatura em F\u00edsica da UFRGS em disciplinas com atividades pr\u00e1ticas em escolas.<\/p>\n<\/div>\n<\/td>\n<\/tr>\n<\/tbody>\n<\/table>\n<\/div>\n<div class=\"cell sozinho medio par elemento_lista reduzido centralizado\">\n<table width=\"100%\">\n<tbody>\n<tr>\n<td style=\"width: 1296.55px;\">\n<div id=\"espacamento_menor\">\n<ul style=\"list-style-type: circle;\">\n<li><b>Experimenta\u00e7\u00e3o via internet com p\u00eandulos espalhados pelo mundo! (World Pendulum Alliance)<\/b><\/li>\n<\/ul>\n<p>Respons\u00e1vel pelo projeto na UFRGS: Cristiano Krug (utilize e envie seu <em>feedback<\/em> para <a href=\"mailto:cristiano.krug@ufrgs.br\">cristiano.krug@ufrgs.br<\/a>)<\/p>\n<p>Material para explorar os p\u00eandulos didaticamente (produzido por Ingrid Weber e Leonardo Heidemann): \u00a0<a href=\"http:\/\/www.if.ufrgs.br\/cref\/pendulo\/ebook_wpa.pdf\" target=\"_blank\" rel=\"noopener\">http:\/\/www.if.ufrgs.br\/cref\/pendulo\/ebook_wpa.pdf <\/a><\/p>\n<p>Link para acesso: <a href=\"https:\/\/wpa.unb.br\/\" target=\"_blank\" rel=\"noopener\">https:\/\/wpa.unb.br\/<\/a> (p\u00eandulos do Brasil) e <a href=\"https:\/\/wpa.tecnico.ulisboa.pt\/~wpa.daemon\/pendulum-network-2\/\" target=\"_blank\" rel=\"noopener\">https:\/\/wpa.tecnico.ulisboa.pt\/~wpa.daemon\/pendulum-network-2\/<\/a> (p\u00eandulos pelo mundo)<\/p>\n<p>Se voc\u00ea tem interesse no material do\/a professor\/a, entre em contato com Ingrid Weber pelo email: <a href=\"mailto:ingrid.wbr10@gmail.com\">ingrid.wbr10@gmail.com<\/a> .<\/p>\n<\/div>\n<\/td>\n<\/tr>\n<\/tbody>\n<\/table>\n<\/div>\n<div class=\"cell sozinho medio par elemento_lista reduzido centralizado\">\n<table width=\"100%\">\n<tbody>\n<tr>\n<td style=\"width: 1296.55px;\"><\/td>\n<\/tr>\n<\/tbody>\n<\/table>\n<\/div>\n<div class=\"cell sozinho medio par elemento_lista reduzido centralizado\">\n<table width=\"100%\">\n<tbody>\n<tr>\n<td style=\"width: 1296.55px;\">\n<div id=\"espacamento_menor\">\n<ul style=\"list-style-type: circle;\">\n<li><a href=\"http:\/\/www.if.ufrgs.br\/cref\/ebook_electricidad\/\"><b>Naturaleza de la Electricidad<\/b><\/a><\/li>\n<\/ul>\n<p>Autores: Mar\u00eda Alejandra Pulgar\u00edn Naranjo, Sebasti\u00e1n Mej\u00eda Arango, \u00c1ngela Fl\u00f3rez Boh\u00f3rquez e Elkin Adolfo Vera Rey<\/p>\n<p>Equipe de desenvolvimento: Milena Lauschner Lopes e Renan Sonaglio<\/p>\n<\/div>\n<\/td>\n<\/tr>\n<\/tbody>\n<\/table>\n<\/div>\n<div class=\"cell sozinho medio par elemento_lista reduzido centralizado\">\n<table width=\"100%\">\n<tbody>\n<tr>\n<td style=\"width: 1296.55px;\">\n<div id=\"espacamento_menor\">\n<ul style=\"list-style-type: circle;\">\n<li><a href=\"https:\/\/lumina.ufrgs.br\/course\/view.php?id=85\"><b>Alquimia c\u00f3smica: a origem dos elementos qu\u00edmicos da tabela peri\u00f3dica<\/b><\/a><\/li>\n<\/ul>\n<p>Alan Alan Alves Brito<\/p>\n<\/div>\n<\/td>\n<\/tr>\n<\/tbody>\n<\/table>\n<\/div>\n<div class=\"cell sozinho medio par elemento_lista reduzido centralizado\">\n<table width=\"100%\">\n<tbody>\n<tr>\n<td style=\"width: 1296.55px;\">\n<div id=\"espacamento_menor\">\n<ul style=\"list-style-type: circle;\">\n<li><a href=\"http:\/\/www.if.ufrgs.br\/gpef\/modelagem\/hipermidia\/Home.html\"><b>Epis\u00f3dios de Modelagem sobre oscila\u00e7\u00f5es mec\u00e2nicas, fluidos e termodin\u00e2mica <\/b><\/a><\/li>\n<\/ul>\n<p>Leonardo Albuquerque Heidemann, Ives Solano Araujo e Eliane Angela Veit<\/p>\n<\/div>\n<\/td>\n<\/tr>\n<\/tbody>\n<\/table>\n<\/div>\n<div class=\"cell sozinho medio impar elemento_lista reduzido centralizado\">\n<table width=\"100%\">\n<tbody>\n<tr>\n<td width=\"95%\">\n<div id=\"espacamento_menor\">\n<ul style=\"list-style-type: circle;\">\n<li><a href=\"http:\/\/lief.if.ufrgs.br\/pub\/cref\/pe_Goulart\/\"><b>Reposit\u00f3rio Digital &#8211; F\u00edsica e Educa\u00e7\u00e3o para o Tr\u00e2nsito <\/b><\/a><\/li>\n<\/ul>\n<p>Henrique Goulart da Silva Urruth; Maria Helena Steffani e Fernando Lang da Silveira<\/p>\n<\/div>\n<\/td>\n<\/tr>\n<\/tbody>\n<\/table>\n<\/div>\n<div class=\"cell sozinho medio par elemento_lista reduzido centralizado\">\n<table width=\"100%\">\n<tbody>\n<tr>\n<td width=\"95%\">\n<div id=\"espacamento_menor\">\n<ul style=\"list-style-type: circle;\">\n<li><a href=\"http:\/\/lief.if.ufrgs.br\/pub\/cref\/pe_Barcellos\"><b>Resolu\u00e7\u00e3o de exerc\u00edcios envolvendo os conceitos de energia e pot\u00eancia atrav\u00e9s de hiperm\u00eddia <\/b><\/a><\/li>\n<\/ul>\n<p>Adriano da Silva Barcellos<\/p>\n<\/div>\n<\/td>\n<\/tr>\n<\/tbody>\n<\/table>\n<\/div>\n<div class=\"cell sozinho medio impar elemento_lista reduzido centralizado\">\n<table width=\"100%\">\n<tbody>\n<tr>\n<td width=\"95%\">\n<div id=\"espacamento_menor\">\n<ul style=\"list-style-type: circle;\">\n<li><a href=\"http:\/\/www.if.ufrgs.br\/cref\/ntef\/cinematica\/IGCin.swf\"><b>Interpreta\u00e7\u00e3o de gr\u00e1ficos da cinem\u00e1tica<\/b><\/a><\/li>\n<\/ul>\n<p>Ives Solano Araujo e outros<\/p>\n<\/div>\n<\/td>\n<\/tr>\n<\/tbody>\n<\/table>\n<\/div>\n<div class=\"cell sozinho medio par elemento_lista reduzido centralizado\">\n<table width=\"100%\">\n<tbody>\n<tr>\n<td width=\"95%\">\n<div id=\"espacamento_menor\">\n<ul style=\"list-style-type: circle;\">\n<li><a href=\"http:\/\/www.if.ufrgs.br\/mpef\/mef004\/20061\/Cesar\/\"><b>O funcionamento e uso de alguns sensores<br \/>\nAquisi\u00e7\u00e3o de dados em laborat\u00f3rio did\u00e1tico de F\u00edsica: usando a placa de som de um PC <\/b><\/a><\/li>\n<\/ul>\n<p>C\u00e9sar Augusto Steffens<\/p>\n<\/div>\n<\/td>\n<\/tr>\n<\/tbody>\n<\/table>\n<\/div>\n<div class=\"cell sozinho medio impar elemento_lista reduzido centralizado\">\n<table width=\"100%\">\n<tbody>\n<tr>\n<td width=\"95%\">\n<div id=\"espacamento_menor\">\n<ul style=\"list-style-type: circle;\">\n<li><a href=\"http:\/\/lief.if.ufrgs.br\/~jader\/\"><b>Curso t\u00e9cnico de Radiologia M\u00e9dica: Radiodiagn\u00f3stico<br \/>\nDisciplina de Prote\u00e7\u00e3o radiol\u00f3gica <\/b><\/a><\/li>\n<\/ul>\n<p>Jader da Silva Neto<\/p>\n<\/div>\n<\/td>\n<\/tr>\n<\/tbody>\n<\/table>\n<\/div>\n<div class=\"cell sozinho medio par elemento_lista reduzido centralizado\">\n<table width=\"100%\">\n<tbody>\n<tr>\n<td width=\"95%\">\n<div id=\"espacamento_menor\">\n<ul style=\"list-style-type: circle;\">\n<li><a href=\"http:\/\/davinci.if.ufrgs.br\/wiki\/index.php\/Ondas\"><b>Difra\u00e7\u00e3o e interfer\u00eancia para professores do ensino m\u00e9dio<\/b><\/a><\/li>\n<\/ul>\n<p>Scheila Vicenzi<\/p>\n<\/div>\n<\/td>\n<\/tr>\n<\/tbody>\n<\/table>\n<\/div>\n<div class=\"cell sozinho medio impar elemento_lista reduzido centralizado\">\n<table width=\"100%\">\n<tbody>\n<tr>\n<td width=\"95%\">\n<div id=\"espacamento_menor\">\n<ul style=\"list-style-type: circle;\">\n<li><a href=\"http:\/\/www.if.ufrgs.br\/mpef\/Hipermidias\/Mutzenberg\/\"><b>Trabalhos Trimestrais: pequenos projetos de pesquisa no ensino da F\u00edsica <\/b><\/a><\/li>\n<\/ul>\n<p>Luiz Andr\u00e9 M\u00fctzenberg, Eliane Angela Veit e Fernando Lang da Silveira<\/p>\n<\/div>\n<\/td>\n<\/tr>\n<\/tbody>\n<\/table>\n<\/div>\n<div class=\"cell sozinho medio par elemento_lista reduzido centralizado\">\n<table width=\"100%\">\n<tbody>\n<tr>\n<td width=\"95%\">\n<div id=\"espacamento_menor\">\n<ul style=\"list-style-type: circle;\">\n<li><a href=\"http:\/\/www.if.ufrgs.br\/cref\/leila\/\"><b>F\u00edsica t\u00e9rmica<\/b><\/a><\/li>\n<\/ul>\n<p>Leila de Jesus Gon\u00e7alves<\/p>\n<\/div>\n<\/td>\n<\/tr>\n<\/tbody>\n<\/table>\n<\/div>\n<div class=\"cell sozinho medio impar elemento_lista reduzido centralizado\">\n<table width=\"100%\">\n<tbody>\n<tr>\n<td width=\"95%\">\n<div id=\"espacamento_menor\">\n<ul style=\"list-style-type: circle;\">\n<li><a href=\"http:\/\/www.if.ufrgs.br\/cref\/ntef\/simulacoes\/ondas\/\"><b>Ondas mec\u00e2nicas<\/b><\/a><\/li>\n<\/ul>\n<p>Lucia Forgiriani da Silva e Eliane Angela Veit<\/p>\n<\/div>\n<\/td>\n<\/tr>\n<\/tbody>\n<\/table>\n<\/div>\n<div class=\"cell sozinho medio par elemento_lista reduzido centralizado\">\n<table width=\"100%\">\n<tbody>\n<tr>\n<td width=\"95%\">\n<div id=\"espacamento_menor\">\n<ul style=\"list-style-type: circle;\">\n<li><a href=\"http:\/\/www.if.ufrgs.br\/cref\/maikida\/\"><b>Gravita\u00e7\u00e3o e temas afins<\/b><\/a><\/li>\n<\/ul>\n<p>Marcelo Ant\u00f4nio Pires<\/p>\n<\/div>\n<\/td>\n<\/tr>\n<\/tbody>\n<\/table>\n<\/div>\n<div class=\"cell sozinho medio impar elemento_lista reduzido centralizado\">\n<table width=\"100%\">\n<tbody>\n<tr>\n<td width=\"95%\">\n<div id=\"espacamento_menor\">\n<ul style=\"list-style-type: circle;\">\n<li><a href=\"http:\/\/www.if.ufrgs.br\/mpef\/mef004\/20021\/Angelisa\/paginainicial.html\"><b>A F\u00edsica nas embarca\u00e7\u00f5es<\/b><\/a><\/li>\n<\/ul>\n<p>Angelisa Benetti Clebsch<\/p>\n<\/div>\n<\/td>\n<\/tr>\n<\/tbody>\n<\/table>\n<\/div>\n","protected":false},"excerpt":{"rendered":"<p>Pr\u00e1ticas nas Escolas (Turma 2020\/2) Pr\u00e1ticas nas Escolas (Turma 2021\/1) Pr\u00e1ticas nas Escolas (Turma 2021\/2) Pr\u00e1ticas nas Escolas (Turma 2022\/1) Pr\u00e1ticas nas Escolas (Turma 2022\/2) Materiais produzidos por estudantes do curso de licenciatura em F\u00edsica da UFRGS em disciplinas com atividades pr\u00e1ticas em escolas. Experimenta\u00e7\u00e3o via internet com p\u00eandulos espalhados pelo mundo! (World Pendulum Alliance) [&hellip;]<\/p>\n","protected":false},"author":1,"featured_media":0,"parent":0,"menu_order":0,"comment_status":"closed","ping_status":"closed","template":"","meta":{"footnotes":""},"class_list":["post-245","page","type-page","status-publish","hentry"],"jetpack_sharing_enabled":true,"jetpack_shortlink":"https:\/\/wp.me\/P8B8g0-3X","jetpack-related-posts":[{"id":81,"url":"https:\/\/cref.if.ufrgs.br\/?page_id=81","url_meta":{"origin":245,"position":0},"title":"Apresenta\u00e7\u00e3o","author":"admin","date":"19 de abril de 2017","format":false,"excerpt":"Com quase 17 anos de atividades, o Centro de Refer\u00eancia em Ensino de F\u00edsica (CREF) foi criado como uma institui\u00e7\u00e3o vinculada com a sala de aula de F\u00edsica e voltada para forma\u00e7\u00e3o inicial e continuada de professores. Ao longo dos anos, o Centro, preocupado com a moderniza\u00e7\u00e3o dos recursos implementados\u2026","rel":"","context":"Post similar","block_context":{"text":"Post similar","link":""},"img":{"alt_text":"","src":"","width":0,"height":0},"classes":[]},{"id":5254,"url":"https:\/\/cref.if.ufrgs.br\/?page_id=5254","url_meta":{"origin":245,"position":1},"title":"Congressos, encontros e mostras","author":"admin","date":"7 de novembro de 2017","format":false,"excerpt":"Promo\u00e7\u00f5es do CREF ou com apoio CREF Eventos Encontro IX Encontro Estadual de Ensino de F\u00edsica - RS 16\/03\/2023 a 17\/03\/2023 Informa\u00e7\u00f5es em: https:\/\/ppgenfis.if.ufrgs.br\/9eeefis\/ Promo\u00e7\u00e3o: CREF & PPGEnFis UFRGS Eventos ocorridos Escola II Escola do PPGEnF\u00eds-UFRGS 08\/10\/2020 e 09\/10\/2020 Local: Evento online (detalhes no site) Organiza\u00e7\u00e3o: Leonardo Heidemann, Cl\u00e1udio Cavalcanti\u2026","rel":"","context":"Post similar","block_context":{"text":"Post similar","link":""},"img":{"alt_text":"","src":"","width":0,"height":0},"classes":[]},{"id":5256,"url":"https:\/\/cref.if.ufrgs.br\/?page_id=5256","url_meta":{"origin":245,"position":2},"title":"Oficinas e cursos","author":"admin","date":"7 de novembro de 2017","format":false,"excerpt":"Promo\u00e7\u00f5es do CREF ou com apoio CREF \u00a0 \u00a0 Eventos ocorridos Curso Astrof\u00edsica contempor\u00e2nea sob um vi\u00e9s hist\u00f3rico e epistemol\u00f3gico Ministrante: Prof. Dr. Nathan Willig Lima e Prof. Dr. Allan Alves Brito (PPGEnFis\/IF\/UFRGS) Datas: 24\/04\/2019 a 26\/04\/2019, das 13h30min \u00e0s 17h30min. Local: IF-UFRGS Porto Alegre Oficina Oficina: Metodologia para o\u2026","rel":"","context":"Post similar","block_context":{"text":"Post similar","link":""},"img":{"alt_text":"","src":"","width":0,"height":0},"classes":[]},{"id":276,"url":"https:\/\/cref.if.ufrgs.br\/?page_id=276","url_meta":{"origin":245,"position":3},"title":"Todos","author":"admin","date":"26 de abril de 2017","format":false,"excerpt":"Promo\u00e7\u00f5es do CREF ou com apoio CREF \u00a0 Eventos Escola II Escola do PPGEnF\u00eds-UFRGS 08\/10\/2020 e 09\/10\/2020 Local: Evento online (detalhes no site) Organiza\u00e7\u00e3o: Leonardo Heidemann, Cl\u00e1udio Cavalcanti e Camila Collares Promo\u00e7\u00e3o: CREF & PPGEnFis UFRGS \u00a0 Eventos ocorridos Palestra F\u00edsica Moderna no Ensino M\u00e9dio: dificuldades epistemol\u00f3gicas Ministrante: Professora Dra.\u2026","rel":"","context":"Post similar","block_context":{"text":"Post similar","link":""},"img":{"alt_text":"","src":"","width":0,"height":0},"classes":[]},{"id":242,"url":"https:\/\/cref.if.ufrgs.br\/?page_id=242","url_meta":{"origin":245,"position":4},"title":"\u00cdndice de V\u00eddeos","author":"admin","date":"26 de abril de 2017","format":false,"excerpt":"CREF no YouTube O CREF est\u00e1 no YouTube. Veja mais em: https:\/\/www.if.ufrgs.br\/novocref\/?page_id=7505. Palestras dos Encontros Estaduais de Ensino de F\u00edsica (EEEF\u00eds-RS) V\u00eddeos das palestras do VII EEEF\u00eds-RS: Clique aqui.V\u00eddeos das palestras do VIII EEEF\u00eds-RS: Clique aqui. Palestras (em avi) Aten\u00e7\u00e3o: se deseja salvar os v\u00eddeos, clique com o bot\u00e3o direito\u2026","rel":"","context":"Post similar","block_context":{"text":"Post similar","link":""},"img":{"alt_text":"","src":"","width":0,"height":0},"classes":[]},{"id":5252,"url":"https:\/\/cref.if.ufrgs.br\/?page_id=5252","url_meta":{"origin":245,"position":5},"title":"Palestras, Seminarios &#038; Col\u00f3quios","author":"admin","date":"7 de novembro de 2017","format":false,"excerpt":"Promo\u00e7\u00f5es do CREF ou com apoio CREF \u00a0 Eventos ocorridos Palestra F\u00edsica Moderna no Ensino M\u00e9dio: dificuldades epistemol\u00f3gicas Ministrante: Professora Dra. Fabiana Botelho Kneubil (Instituto Educacional Futuro da Ci\u00eancia) 26\/06\/2019; 14h Local: Anfiteatro Antonio Cabral Promo\u00e7\u00e3o: CREF & PPGEnFis UFRGS Palestra Integra\u00e7\u00e3o Biologia, F\u00edsica e Qu\u00edmica e a Base Nacional\u2026","rel":"","context":"Post similar","block_context":{"text":"Post similar","link":""},"img":{"alt_text":"","src":"","width":0,"height":0},"classes":[]}],"_links":{"self":[{"href":"https:\/\/cref.if.ufrgs.br\/index.php?rest_route=\/wp\/v2\/pages\/245","targetHints":{"allow":["GET"]}}],"collection":[{"href":"https:\/\/cref.if.ufrgs.br\/index.php?rest_route=\/wp\/v2\/pages"}],"about":[{"href":"https:\/\/cref.if.ufrgs.br\/index.php?rest_route=\/wp\/v2\/types\/page"}],"author":[{"embeddable":true,"href":"https:\/\/cref.if.ufrgs.br\/index.php?rest_route=\/wp\/v2\/users\/1"}],"replies":[{"embeddable":true,"href":"https:\/\/cref.if.ufrgs.br\/index.php?rest_route=%2Fwp%2Fv2%2Fcomments&post=245"}],"version-history":[{"count":28,"href":"https:\/\/cref.if.ufrgs.br\/index.php?rest_route=\/wp\/v2\/pages\/245\/revisions"}],"predecessor-version":[{"id":13501,"href":"https:\/\/cref.if.ufrgs.br\/index.php?rest_route=\/wp\/v2\/pages\/245\/revisions\/13501"}],"wp:attachment":[{"href":"https:\/\/cref.if.ufrgs.br\/index.php?rest_route=%2Fwp%2Fv2%2Fmedia&parent=245"}],"curies":[{"name":"wp","href":"https:\/\/api.w.org\/{rel}","templated":true}]}}